d m.
5
Let n be (-412)/(-10) + (-2)/10. Suppose d - 97 = -4*k - 0*k, k - d = 23. Let i = n - k. What is the greatest common divisor of i and 34?
17
Let n = -182 + 189. Calculate the greatest common factor of n and 14.
7
Let b be 1 + 3 + -5 + (84/(-4))/(-3). Let o(k) = -7*k + 2. Let z be o(-4). Calculate the highest common divisor of z and b.
6
Let o = -181 + 289. Let k(h) = -1. Let m(v) = -v - 2. Let s(l) = -15*k(l) - 3*m(l). Let u be s(-3). Calculate the greatest common factor of u and o.
12
Let h be (78/21 - 6)*-14. What is the highest common factor of 4 and h?
4
Suppose -6*u = -11*u + 930. What is the greatest common divisor of u and 806?
62
Let f = -57 - -99. Let a = 114 - f. Calculate the greatest common factor of a and 9.
9
Suppose -4*y = -642 - 194. Let i = y + -369. Let o be (-18)/(-10)*i/(-24). Calculate the highest common factor of o and 60.
12
Let v(y) = -38*y**3 + 3*y**2 + 11*y + 3. Let c be v(-2). What is the highest common divisor of 54 and c?
27
Let t be -5*(13/39)/(2/(-6)). Suppose 2*g = k + 54 - 15, 5*k - 60 = -t*g. Calculate the greatest common divisor of g and 17.
17
Suppose 66*f = 60*f + 360. What is the highest common divisor of 20 and f?
20
Let r be (-100)/200*(-1)/((-2)/(-48)). What is the greatest common divisor of 44 and r?
4
Suppose 24*r = 179 + 685. Calculate the greatest common divisor of 32 and r.
4
Let d be 14577/215 - (-5)/(25/6). Let m(s) = -s - 4. Let u be m(-2). Let y be u/6 - (-417)/9. Calculate the highest common factor of d and y.
23
Let v(a) = 5*a**2 - a**2 + 11*a**2 + 10*a - 11*a. Let z be v(-2). Suppose -19 = -3*u + z. What is the highest common divisor of 27 and u?
27
Let h(u) = 10*u + 342. Let b be h(-24). Calculate the greatest common factor of b and 12.
6
Suppose 2*w - 10 = -0. Suppose -4*k - 2*j = -30, 2*j - 22 = 2*k - w*k. Calculate the highest common divisor of k and 8.
8
Let c(z) = 33*z + 726. Let d be c(-17). Let h be (-11)/((2/6)/(-1)). What is the greatest common divisor of h and d?
33
Let a(y) = -70*y - 110. Let h be a(-15). What is the highest common divisor of h and 20?
20
Suppose -2*s + 0 = -8. Let f be (s + -1)/1 - -8. Let v(h) = h**3 - 12*h**2 + 11*h + 2. Let k be v(f). What is the greatest common divisor of 5 and k?
1
Let n = 0 + 4. Let k = 33 + -27. Let q be (k/n)/((-6)/(-128)). Calculate the highest common factor of 4 and q.
4
Let u(k) = k**3 - 6*k**2 + 3*k - 9. Let a = -68 - -74. Let f be u(a). Calculate the highest common factor of f and 9.
9
Suppose 8*v = 190 + 354. What is the greatest common divisor of v and 68?
68
Let h(m) = 6*m - 10*m + 2*m + 1. Let z be h(-4). Suppose 0 = -5*x + 25, 3*x + 7 = 3*i - 5. What is the highest common factor of z and i?
9
Let r(q) = 2*q**2 - 3. Let m be r(-2). Suppose 4 = 5*k - 2*k - 4*h, m*k - 22 = -h. What is the greatest common factor of k and 16?
4
Let h be (3 + -1)*-3*5/(-3). Calculate the greatest common factor of h and 590.
10
Let z(o) = -9*o**3 + 2*o**2 + 7*o + 9. Let g be z(-2). Let m be 6/(-2)*-1 + -1. Let p be 43/3 - m/(-3). Calculate the highest common factor of p and g.
15
Let m = 2862 + 3898. Suppose 7*q - 3*q + m = 0. Let k be q/(-30) + 4/6. Calculate the highest common divisor of 19 and k.
19
Suppose 260 = -0*p + 4*p. Let m(w) = w**2 + 20*w + 42. Let k be m(-18). Suppose -k*x = -3*x - 78. What is the highest common factor of p and x?
13
Let p be 0/(24/(-4) - -4). Suppose 9*z = -p*z + 63. Calculate the highest common divisor of z and 28.
7
Let p be ((-55224)/(-92))/3 + (-16)/184. Calculate the highest common divisor of 4 and p.
4
Let b(j) = j**2 - 3*j - 17. Let u be b(6). Let m be u + 0 + 20/(-5) - -65. Calculate the greatest common factor of m and 31.
31
Let b(m) = -7 + 10*m - 2*m + m**2 + m + 3. Let x be b(-10). Suppose -x*o = -o - 10. Calculate the greatest common divisor of 2 and o.
2
Suppose -129*y + 65772 = -42*y. What is the greatest common divisor of y and 420?
84
Suppose 3*p + 3*k = 579, 0 = -p + k + 236 - 33. Calculate the highest common factor of 440 and p.
22
Let l(s) = s - 2. Let a be l(8). Let t be 56/21 + (-4)/a. Suppose 240 = t*z - 176. Calculate the greatest common factor of z and 26.
26
Let q(t) = -2*t**3 + 22*t**2 + 35*t + 13. Let y be q(12). Calculate the greatest common divisor of y and 5.
5
Let i = 357 + -354. Calculate the highest common divisor of 129 and i.
3
Let h be 52 + 3/(-6)*-6. Calculate the highest common divisor of h and 220.
55
Let i = 71 - -43. Calculate the greatest common factor of i and 57.
57
Let p = -6 + 24. Let x = -9 - -12. Let l = x + 3. Calculate the greatest common divisor of l and p.
6
Let l be (-868)/155 - (-2)/(-5). Let x be (2 + -1)/((-3)/l). What is the highest common divisor of 1 and x?
1
Let d(s) = -244*s**3 + s**2 - s - 2. Let r be d(-1). What is the highest common divisor of 183 and r?
61
Let i = -18 + 32. Suppose -15*g + i*g = -9. Calculate the highest common divisor of 9 and g.
9
Let t(z) = -2*z**3 + 16*z**2 + 8*z - 6. Let u be t(8). Let l = -55 + u. Calculate the highest common divisor of l and 24.
3
Let x(t) = 2*t - 5. Let y be x(-4). Let k = y + 14. Let z be (-3 - -11)/(k - 0). Calculate the greatest common factor of z and 32.
8
Suppose 696 = 4*q + 4*c, -4 = 12*c - 14*c. What is the greatest common factor of q and 43?
43
Suppose 120 = -m - 7*m. Suppose 3*u = 2*k + 34, -3*u + 8*u = -4*k - 90. Let l = m - k. What is the highest common factor of l and 10?
5
Let y(k) = -k**3 + 10*k**2 - 12*k + 24. Let a be y(8). Let x be 600/a - (-4)/14. What is the greatest common divisor of 11 and x?
11
Suppose -1121 = -54*k + 4225. Let q(u) = u**3 + u**2 + u + 11. Let y be q(0). Calculate the greatest common factor of k and y.
11
Let k(g) be the first derivative of 218*g**3/3 - 7*g**2/2 - g - 5. Let m be k(1). Calculate the greatest common factor of m and 30.
30
Let b(a) = 230*a - 300. Let i be b(4). What is the highest common factor of 868 and i?
124
Let j(w) = 20*w - 8. Let a(q) = 5*q + 33. Let y be a(-4). Let r be j(y). What is the highest common divisor of r and 36?
36
Suppose 2*m = 3*m - 4*w - 17, m = 3*w + 19. Suppose 5*q - 250 - 250 = 0. Calculate the highest common divisor of q and m.
25
Let p = 113 - 89. Calculate the greatest common factor of 152 and p.
8
Suppose 2*o - r - 258 = -191, -4*r + 174 = 5*o. Suppose -4*f - 4*s + 42 = -78, 0 = 3*f + 5*s - 82. Calculate the highest common factor of o and f.
34
Let k be 6 + 795/(5 - 0). Calculate the highest common factor of k and 132.
33
Let d be (-6)/(-9)*438/(-4). Let y = -125 - d. Let f be (y/65)/((-1)/70). Calculate the highest common factor of f and 14.
14
Let o be ((-217)/3)/((-14)/42). Calculate the greatest common divisor of o and 310.
31
Let y = -3 + 129. Suppose 0 = -15*p + 21*p - 30. Suppose p*m - 2*m - y = 0. What is the greatest common factor of m and 6?
6
Suppose 34*x - 15*x = 6688. Calculate the greatest common factor of x and 968.
88
Suppose -15*l + 2793 = 4*l. What is the highest common factor of 21 and l?
21
Suppose 5*d + 122 = -m, m + 10 = -d - 4*m. Let v = 27 + d. Suppose 0 = -3*i + v*k + 12, -5*i - 4*k + 0 - 2 = 0. What is the highest common divisor of 3 and i?
1
Let r be 1/2*(61 - 12 - 1). Let x(j) = j**2 - 5*j - 2. Let t be x(6). Suppose 2*c + t - 76 = 0. What is the greatest common divisor of c and r?
12
Suppose -2*w + 3*h - 2*h + 76 = 0, -5*h + 100 = 2*w. Suppose 0 = 5*a - 10*a + w. What is the greatest common factor of a and 88?
8
Let c be 438/4 - (2 - (-21)/(-14)). Let a = c - 79. What is the highest common factor of a and 45?
15
Suppose 14*j + 60 = 19*j. Suppose -3*u + 15 = -j. What is the greatest common factor of u and 18?
9
Suppose 3*i = -4*g + 5698, -356 - 2492 = -2*g - 2*i. What is the greatest common divisor of 46 and g?
46
Let n = -4826 - -4828. Let k be 2*1 + (1 - -2). Let a = k - 2. Calculate the highest common divisor of a and n.
1
Let c = 1148 + -1130. Calculate the greatest common factor of 318 and c.
6
Let f be (-9)/(1 - 34/28). Let n = 3616 - 3154. What is the greatest common divisor of n and f?
42
Let a = 77 - 18. Calculate the greatest common factor of a and 413.
59
Let k = -52 - -56. Suppose 0 = 3*b + 3*w - 6, -2*b - 4*w = -4*b + k. What is the highest common factor of b and 16?
2
Suppose -2*x = -3 - 13. Let l(g) = -7*g**2 - 93*g - 20. Let j be l(-12). What is the highest common divisor of j an